{"id":607,"date":"2023-09-06T16:59:23","date_gmt":"2023-09-06T14:59:23","guid":{"rendered":"https:\/\/amblaja.esteri.it\/servizi-consolari-e-visti\/servizi-per-il-cittadino-italiano\/albo-consolare-e-altri-servizi\/pubblicazione-albo-consolare\/"},"modified":"2023-09-06T17:00:15","modified_gmt":"2023-09-06T15:00:15","slug":"pubblicazione-albo-consolare","status":"publish","type":"page","link":"https:\/\/amblaja.esteri.it\/nl\/servizi-consolari-e-visti\/servizi-per-il-cittadino-italiano\/albo-consolare-e-altri-servizi\/pubblicazione-albo-consolare\/","title":{"rendered":"Publicatie consulair register"},"content":{"rendered":"\t\t<div id=\"collapseDiv1\" class=\"accordion accordion-background-active\">\r\n\t\t\t\t\t\t<div class=\"accordion-item\">\r\n\t\t\t\t<h2 class=\"accordion-header\" id=\"heading1\">\r\n\t\t\t\t\t<button class=\"accordion-button\" type=\"button\" data-bs-toggle=\"collapse\" data-bs-target=\"#collapse1\" aria-expanded=\"true\" aria-controls=\"collapse1\">\r\n\t\t\t\t\t\tMatrimonio\t\t\t\t\t<\/button>\r\n\t\t\t\t<\/h2>\r\n\t\t\t\t<div id=\"collapse1\" class=\"accordion-collapse collapse show\" data-bs-parent=\"collapseDiv1\" role=\"region\" aria-labelledby=\"heading1\">\r\n\t\t\t\t\t<div class=\"collapse-body p-2\">\r\n\t\t\t\t\t\t\t\t\t\t\t\t<p>\r\n\t\t\t\t\t\t\tPubblicato il 23-04-2026 -\r\n\t\t\t\t\t\t\t<a href=\"https:\/\/amblaja.esteri.it\/wp-content\/uploads\/pubblicazioni\/atto pubblicazione rocchetti.pdf\" title=\"Scarica il documento ROCCHETTI Luca e LOPAR\u010c\u00c1KOV\u00c1 Maria\">ROCCHETTI Luca e LOPAR\u010c\u00c1KOV\u00c1 Maria<\/a>\r\n\t\t\t\t\t\t<\/p>\r\n\t\t\t\t\t\t\t\t\t\t\t\t<p>\r\n\t\t\t\t\t\t\tPubblicato il 28-04-2026 -\r\n\t\t\t\t\t\t\t<a href=\"https:\/\/amblaja.esteri.it\/wp-content\/uploads\/pubblicazioni\/atto pubblicazione urgese.pdf\" title=\"Scarica il documento MACCHITELLA Giuseppe e URGESE Francesca\">MACCHITELLA Giuseppe e URGESE Francesca<\/a>\r\n\t\t\t\t\t\t<\/p>\r\n\t\t\t\t\t\t\t\t\t\t\t\t<p>\r\n\t\t\t\t\t\t\tPubblicato il 28-04-2026 -\r\n\t\t\t\t\t\t\t<a href=\"https:\/\/amblaja.esteri.it\/wp-content\/uploads\/pubblicazioni\/atto pubblicazione guarguaglini.pdf\" title=\"Scarica il documento GUARGUAGLINI Francesco e DUIN Simone Lisa Pam\">GUARGUAGLINI Francesco e DUIN Simone Lisa Pam<\/a>\r\n\t\t\t\t\t\t<\/p>\r\n\t\t\t\t\t\t\t\t\t\t\t\t<p>\r\n\t\t\t\t\t\t\tPubblicato il 29-04-2026 -\r\n\t\t\t\t\t\t\t<a href=\"https:\/\/amblaja.esteri.it\/wp-content\/uploads\/pubblicazioni\/atto pubblicazione schiavone.pdf\" title=\"Scarica il documento PEETERS Tjadi Jesse e SCHIAVONE Margherita Luigia\">PEETERS Tjadi Jesse e SCHIAVONE Margherita Luigia<\/a>\r\n\t\t\t\t\t\t<\/p>\r\n\t\t\t\t\t\t\t\t\t\t\t\t<p>\r\n\t\t\t\t\t\t\tPubblicato il 30-04-2026 -\r\n\t\t\t\t\t\t\t<a href=\"https:\/\/amblaja.esteri.it\/wp-content\/uploads\/pubblicazioni\/atto pubblicazione pian.pdf\" title=\"Scarica il documento ANDERSON Matthew Dean e PIAN Aki\">ANDERSON Matthew Dean e PIAN Aki<\/a>\r\n\t\t\t\t\t\t<\/p>\r\n\t\t\t\t\t\t\t\t\t\t\t<\/div><!-- \/.collapse-body -->\r\n\t\t\t\t<\/div><!-- \/.accordion-collapse -->\r\n\t\t\t<\/div><!-- \/.accordion-item -->\r\n\t\t\t\t\t<\/div><!-- \/.accordion -->\r\n\t\t\n","protected":false},"excerpt":{"rendered":"","protected":false},"author":1,"featured_media":0,"parent":199,"menu_order":0,"comment_status":"closed","ping_status":"closed","template":"","meta":{"footnotes":""},"class_list":["post-607","page","type-page","status-publish","hentry"],"_links":{"self":[{"href":"https:\/\/amblaja.esteri.it\/nl\/wp-json\/wp\/v2\/pages\/607","targetHints":{"allow":["GET"]}}],"collection":[{"href":"https:\/\/amblaja.esteri.it\/nl\/wp-json\/wp\/v2\/pages"}],"about":[{"href":"https:\/\/amblaja.esteri.it\/nl\/wp-json\/wp\/v2\/types\/page"}],"author":[{"embeddable":true,"href":"https:\/\/amblaja.esteri.it\/nl\/wp-json\/wp\/v2\/users\/1"}],"replies":[{"embeddable":true,"href":"https:\/\/amblaja.esteri.it\/nl\/wp-json\/wp\/v2\/comments?post=607"}],"version-history":[{"count":1,"href":"https:\/\/amblaja.esteri.it\/nl\/wp-json\/wp\/v2\/pages\/607\/revisions"}],"predecessor-version":[{"id":608,"href":"https:\/\/amblaja.esteri.it\/nl\/wp-json\/wp\/v2\/pages\/607\/revisions\/608"}],"up":[{"embeddable":true,"href":"https:\/\/amblaja.esteri.it\/nl\/wp-json\/wp\/v2\/pages\/199"}],"wp:attachment":[{"href":"https:\/\/amblaja.esteri.it\/nl\/wp-json\/wp\/v2\/media?parent=607"}],"curies":[{"name":"wp","href":"https:\/\/api.w.org\/{rel}","templated":true}]}}

<div id="collapseDiv1" class="accordion accordion-background-active">
						<div class="accordion-item">
				<h2 class="accordion-header" id="heading1">
					<button class="accordion-button" type="button" data-bs-toggle="collapse" data-bs-target="#collapse1" aria-expanded="true" aria-controls="collapse1">
						Matrimonio					</button>
				</h2>
				<div id="collapse1" class="accordion-collapse collapse show" data-bs-parent="collapseDiv1" role="region" aria-labelledby="heading1">
					<div class="collapse-body p-2">
												<p>
							Pubblicato il 23-04-2026 -
							<a href="https://amblaja.esteri.it/wp-content/uploads/pubblicazioni/atto pubblicazione rocchetti.pdf" title="Scarica il documento ROCCHETTI Luca e LOPARČÁKOVÁ Maria">ROCCHETTI Luca e LOPARČÁKOVÁ Maria</a>
						</p>
												<p>
							Pubblicato il 28-04-2026 -
							<a href="https://amblaja.esteri.it/wp-content/uploads/pubblicazioni/atto pubblicazione urgese.pdf" title="Scarica il documento MACCHITELLA Giuseppe e URGESE Francesca">MACCHITELLA Giuseppe e URGESE Francesca</a>
						</p>
												<p>
							Pubblicato il 28-04-2026 -
							<a href="https://amblaja.esteri.it/wp-content/uploads/pubblicazioni/atto pubblicazione guarguaglini.pdf" title="Scarica il documento GUARGUAGLINI Francesco e DUIN Simone Lisa Pam">GUARGUAGLINI Francesco e DUIN Simone Lisa Pam</a>
						</p>
												<p>
							Pubblicato il 29-04-2026 -
							<a href="https://amblaja.esteri.it/wp-content/uploads/pubblicazioni/atto pubblicazione schiavone.pdf" title="Scarica il documento PEETERS Tjadi Jesse e SCHIAVONE Margherita Luigia">PEETERS Tjadi Jesse e SCHIAVONE Margherita Luigia</a>
						</p>
												<p>
							Pubblicato il 30-04-2026 -
							<a href="https://amblaja.esteri.it/wp-content/uploads/pubblicazioni/atto pubblicazione pian.pdf" title="Scarica il documento ANDERSON Matthew Dean e PIAN Aki">ANDERSON Matthew Dean e PIAN Aki</a>
						</p>
											</div><!-- /.collapse-body -->
				</div><!-- /.accordion-collapse -->
			</div><!-- /.accordion-item -->
					</div><!-- /.accordion -->
